{"id":2438,"date":"2018-06-15T04:19:22","date_gmt":"2018-06-15T04:19:22","guid":{"rendered":"http:\/\/www.rapsodiaonline.it\/?page_id=2438"},"modified":"2018-06-15T04:19:22","modified_gmt":"2018-06-15T04:19:22","slug":"informativa-sulla-privacy","status":"publish","type":"page","link":"https:\/\/www.rapsodiaonline.it\/?page_id=2438","title":{"rendered":"Informativa sulla Privacy"},"content":{"rendered":"<p>Informativa resa ai \u200bsensi degli articoli 13-14 del GDPR 2016\/679\u200b \u200b(General Data Protection Regulation)<\/p>\n<h2>Chi siamo<\/h2>\n<p>L&#8217;indirizzo del sito web di RAPSODIAONLINE &#8211; Laboratorio di giornalismo dell&#8217;I.I.S. GALILEI-PACINOTTI di Pisa\u00a0\u00e8: http:\/\/www.rapsodiaonline.it.<\/p>\n<p>In questa pagina desideriamo fornirle informazioni su quali dati che la riguardano trattiamo (i \u201cdati personali\u201d), che uso ne facciamo, con quali soggetti vengono condivisi e quali sono i suoi diritti.<\/p>\n<h2>Le tipologie di dati personali che raccogliamo<\/h2>\n<p>Raccogliamo:<\/p>\n<ul>\n<li>Informazioni di contatto \u2013 quali nome, indirizzo, numero di telefono, indirizzo email, e informazioni di accesso (login);<\/li>\n<li>Dati raccolti mentre visita il nostro sito web \u2013 quali i dati raccolti per mezzo dell\u2019uso di cookie e altri dati automaticamente raccolti per renderle accessibili il nostro sito, o informazioni che Lei fornisce mentre visita il nostro sito web.<\/li>\n<\/ul>\n<h2>Come raccogliamo i dati personali<\/h2>\n<p>Raccogliamo i Suoi dati\u00a0direttamente da Lei mentre visita il nostro sito web, all\u2019attivazione del Suo account\u00a0o quando usufruisce dei servizi da noi offerti (es. Modulo Contatti, Newsletter, ecc.).<\/p>\n<p>Pu\u00f2 scegliere di non fornirci alcune tipologie di dati personali. Se decide in questo senso, ci\u00f2 potrebbe influire sulla nostra capacit\u00e0 di fornirle determinati servizi o loro funzionalit\u00e0 e caratteristiche e sulla Sua capacit\u00e0 di utilizzare i medesimi.<\/p>\n<h2>Perch\u00e9 trattiamo i Suoi dati personali<\/h2>\n<p>Trattiamo i Suoi dati personali per le seguenti finalit\u00e0:<\/p>\n<ul>\n<li>Inviarle comunicazioni inerenti attivit\u00e0 o iniziative organizzate da RAPSODIAONLINE &#8211; Laboratorio di giornalismo dell&#8217;I.I.S. GALILEI-PACINOTTI di Pisa;<\/li>\n<li>Gestire e rendere operativi il nostro sito web e le nostre applicazioni, inclusa la registrazione online.<\/li>\n<\/ul>\n<h2>Il Suo consenso<\/h2>\n<p>Ove l\u2019attivit\u00e0 di trattamento sia fondata sul consenso, Lei ha diritto di ritirare il Suo consenso in ogni momento. Tuttavia, la revoca del Suo consenso non pregiudicher\u00e0 la legittimit\u00e0 dei trattamenti fondati sul Suo consenso effettuati prima della revoca.<\/p>\n<h2>Informazioni che condividiamo<\/h2>\n<p>Per le finalit\u00e0 di Trattamento su indicate, potremmo condividere o comunicare i Suoi dati personali:<\/p>\n<ul>\n<li>in conformit\u00e0 di quanto previsto dalla legge, per ottemperare a disposizioni giudiziarie e\/o per rispondere a richieste provenienti da autorit\u00e0 pubbliche o governative;<\/li>\n<li>per proteggere i nostri diritti.<\/li>\n<\/ul>\n<p>Quando condividiamo i dati personali con un soggetto terzo, richiediamo a tale soggetto terzo di accettare di proteggere e trattare i Suoi dati personali in conformit\u00e0 con ogni obbligo legale, normativo o contrattuale o di accettare altre istruzioni da noi fornite.<\/p>\n<h2>Le Sue scelte con riferimento a eventi o iniziative<\/h2>\n<p>Con il Suo consenso, RAPSODIAONLINE &#8211; Laboratorio di giornalismo dell&#8217;I.I.S. GALILEI-PACINOTTI di Pisa le pu\u00f2 inviare tramite email comunicazioni di eventi e iniziative ad essa riconducibili.\u00a0\u00a0Lei avr\u00e0 facolt\u00e0 di ritirare il Suo consenso \u00a0in ogni momento. Ad esempio, pu\u00f2 cancellare la Sua iscrizione all\u2019invio di messaggi seguendo le istruzioni per l\u2019annullamento dell\u2019iscrizione indicate nel messaggio.<\/p>\n<h2>I Suoi diritti a norma del diritto dell\u2019UE\/dello SEE<\/h2>\n<p>Se Lei si trova nell\u2019UE o nello SEE o se i Suoi dati personali sono comunque trattati da un soggetto riconducibile a RAPSODIAONLINE &#8211; Laboratorio di giornalismo dell&#8217;I.I.S. GALILEI-PACINOTTI di Pisa nell\u2019ambito dell\u2019UE o dello SEE, Lei ha i seguenti diritti:<\/p>\n<ul>\n<li>richiedere l\u2019accesso ai Suoi dati personali;<\/li>\n<li>rettificare i Suoi dati personali;<\/li>\n<li>richiedere la cancellazione dei Suoi dati personali;<\/li>\n<li>limitare il trattamento dei Suoi dati personali;<\/li>\n<li>richiedere la portabilit\u00e0 dei dati ossia che i Suoi dati personali siano forniti in un formato che consenta il trasferimento nei Suoi confronti o di un\u2019altra organizzazione;<\/li>\n<li>opporsi al trattamento dei Suoi dati personali;<\/li>\n<li>presentare reclami alla competente autorit\u00e0 di controllo.<\/li>\n<\/ul>\n<h2>Sicurezza dei Suoi dati personali<\/h2>\n<p>RAPSODIAONLINE &#8211; Laboratorio di giornalismo dell&#8217;I.I.S. GALILEI-PACINOTTI di Pisa adotter\u00e0 misure tecniche ed organizzative appropriate, in conformit\u00e0 con la nuova normativa sulla tutela dei dati personali; tra di esse rientra anche il richiedere ai nostri fornitori di servizi, partner commerciali e consulenti di adottare misure appropriate a tutela dei Suoi dati personali.<\/p>\n<h2>Conservazione dei Suoi dati personali<\/h2>\n<p>RAPSODIAONLINE &#8211; Laboratorio di giornalismo dell&#8217;I.I.S. GALILEI-PACINOTTI di Pisa conserver\u00e0 i Suoi dati personali per il periodo di tempo richiesto dalla legge e in generale solamente per il tempo strettamente necessario ai fini per cui sono stati raccolti.<\/p>\n<h2>Come contattarci<\/h2>\n<p>Il titolare dei Suoi dati personali \u00e8:<br \/>\nI.I.S. GALILEI-PACINOTTI<br \/>\nVia Benedetto Croce 32 -34 56100 Pisa<\/p>\n<p>Se desidera esercitare i diritti che Le spettano in quanto interessato del trattamento o nel caso avesse altre domande con riferimento alla presente Informativa sulla Privacy, La preghiamo di inviare la Sua richiesta a:<\/p>\n<p>piis00700e@istruzione.it<br \/>\npiis00700e@pec.istruzione.it<\/p>\n","protected":false},"excerpt":{"rendered":"<p>Informativa resa ai \u200bsensi degli articoli 13-14 del GDPR 2016\/679\u200b \u200b(General Data Protection Regulation) Chi siamo L&#8217;indirizzo del sito web di RAPSODIAONLINE &#8211; Laboratorio di giornalismo dell&#8217;I.I.S. GALILEI-PACINOTTI di Pisa\u00a0\u00e8: http:\/\/www.rapsodiaonline.it. In questa pagina desideriamo fornirle informazioni su quali dati che la riguardano trattiamo (i \u201cdati personali\u201d), che uso ne facciamo, con quali soggetti vengono [&hellip;]<\/p>\n","protected":false},"author":1,"featured_media":0,"parent":0,"menu_order":0,"comment_status":"closed","ping_status":"closed","template":"","meta":{"_genesis_hide_title":false,"_genesis_hide_breadcrumbs":false,"_genesis_hide_singular_image":false,"_genesis_hide_footer_widgets":false,"_genesis_custom_body_class":"","_genesis_custom_post_class":"","_genesis_layout":"","footnotes":""},"class_list":{"0":"post-2438","1":"page","2":"type-page","3":"status-publish","5":"entry"},"_links":{"self":[{"href":"https:\/\/www.rapsodiaonline.it\/index.php?rest_route=\/wp\/v2\/pages\/2438","targetHints":{"allow":["GET"]}}],"collection":[{"href":"https:\/\/www.rapsodiaonline.it\/index.php?rest_route=\/wp\/v2\/pages"}],"about":[{"href":"https:\/\/www.rapsodiaonline.it\/index.php?rest_route=\/wp\/v2\/types\/page"}],"author":[{"embeddable":true,"href":"https:\/\/www.rapsodiaonline.it\/index.php?rest_route=\/wp\/v2\/users\/1"}],"replies":[{"embeddable":true,"href":"https:\/\/www.rapsodiaonline.it\/index.php?rest_route=%2Fwp%2Fv2%2Fcomments&post=2438"}],"version-history":[{"count":1,"href":"https:\/\/www.rapsodiaonline.it\/index.php?rest_route=\/wp\/v2\/pages\/2438\/revisions"}],"predecessor-version":[{"id":2439,"href":"https:\/\/www.rapsodiaonline.it\/index.php?rest_route=\/wp\/v2\/pages\/2438\/revisions\/2439"}],"wp:attachment":[{"href":"https:\/\/www.rapsodiaonline.it\/index.php?rest_route=%2Fwp%2Fv2%2Fmedia&parent=2438"}],"curies":[{"name":"wp","href":"https:\/\/api.w.org\/{rel}","templated":true}]}}